Файловый менеджер - Редактировать - /var/log/apache2/domlogs/gqdcvggs/fort-jaco.be.rommedia.tech
Назад
130.89.144.162 - - [05/Dec/2025:13:43:42 +0100] "GET /robots.txt HTTP/1.1" 404 - "-" "OI-Crawler/Nutch (https://openintel.nl/webcrawl/)"
130.89.144.162 - - [05/Dec/2025:13:43:42 +0100] "GET / HTTP/1.1" 200 345 "-" "OI-Crawler/Nutch (https://openintel.nl/webcrawl/)"
2a06:98c0:3600::103 - - [05/Dec/2025:14:21:47 +0100] "GET /wp-admin/setup-config.php HTTP/1.1" 404 - "-" "Mozilla/5.0 (Windows NT 10.0; Win64; x64) AppleWebKit/537.36 (KHTML, like Gecko) Chrome/142.0.0.0 Safari/537.36"
2a06:98c0:3600::103 - - [05/Dec/2025:14:22:35 +0100] "GET /wordpress/wp-admin/setup-config.php HTTP/1.1" 404 - "-" "Mozilla/5.0 (Windows NT 10.0; Win64; x64) AppleWebKit/537.36 (KHTML, like Gecko) Chrome/142.0.0.0 Safari/537.36"
131.202.14.152 - - [05/Dec/2025:14:28:50 +0100] "GET / HTTP/1.1" 200 345 "-" "Mozilla/5.0 (Windows NT 10.0; Win64; x64; rv:98.0) Gecko/20100101 Firefox/98.0"
2a06:98c0:3600::103 - - [05/Dec/2025:14:55:08 +0100] "GET /wordpress/wp-admin/setup-config.php HTTP/1.1" 404 - "-" "Mozilla/5.0 (Windows NT 10.0; Win64; x64) AppleWebKit/537.36 (KHTML, like Gecko) Chrome/142.0.0.0 Safari/537.36"
2a06:98c0:3600::103 - - [05/Dec/2025:15:01:25 +0100] "GET /wp-admin/setup-config.php HTTP/1.1" 404 - "-" "Mozilla/5.0 (Windows NT 10.0; Win64; x64) AppleWebKit/537.36 (KHTML, like Gecko) Chrome/142.0.0.0 Safari/537.36"
78.46.99.182 - - [05/Dec/2025:15:09:28 +0100] "GET /.well-known/acme-challenge/TPZDPXH4-46UU10EFZNDZCQN_I4-2YA4 HTTP/1.1" 200 64 "-" "Cpanel-HTTP-Client/1.0"
78.46.99.182 - - [05/Dec/2025:15:09:29 +0100] "GET /.well-known/acme-challenge/LT-UXOONSI1DSJ62-12BEG_ETEVTAL0J HTTP/1.1" 200 64 "-" "Cpanel-HTTP-Client/1.0"
78.46.99.182 - - [05/Dec/2025:15:09:29 +0100] "GET /.well-known/acme-challenge/9JKQOG45SQ9AQK6699D3B33W9PR-GEFC HTTP/1.1" 200 64 "-" "Cpanel-HTTP-Client/1.0"
78.46.99.182 - - [05/Dec/2025:15:09:30 +0100] "GET /.well-known/acme-challenge/H-C8JDF8EWLHV2SFL922_3ZF2M8FLFOQ HTTP/1.1" 200 64 "-" "Cpanel-HTTP-Client/1.0"
78.46.99.182 - - [05/Dec/2025:15:09:30 +0100] "GET /.well-known/acme-challenge/1SRJTGB6NJLP45O5PR1QWAMNM91XHFRY HTTP/1.1" 200 64 "-" "Cpanel-HTTP-Client/1.0"
78.46.99.182 - - [05/Dec/2025:15:09:30 +0100] "GET /.well-known/acme-challenge/4JLSP-8Q35I1G0G56RU51YUVQ30O86B2 HTTP/1.1" 200 64 "-" "Cpanel-HTTP-Client/1.0"
78.46.99.182 - - [05/Dec/2025:15:09:31 +0100] "GET /.well-known/acme-challenge/3NGIRU2O0I-G9YCFFQ0I48G4Z3MKFWGD HTTP/1.1" 200 64 "-" "Cpanel-HTTP-Client/1.0"
78.46.99.182 - - [05/Dec/2025:15:09:32 +0100] "GET /.well-known/acme-challenge/M_3LSA79S5MGGIWJOBNCKQ5J6_FDISE0 HTTP/1.1" 200 64 "-" "Cpanel-HTTP-Client/1.0"
78.46.99.182 - - [05/Dec/2025:15:09:32 +0100] "GET /.well-known/acme-challenge/OP2NGR6IWYDF0DPWWN2L28RCIKBNP7M2 HTTP/1.1" 200 64 "-" "Cpanel-HTTP-Client/1.0"
125.227.105.201 - - [05/Dec/2025:15:30:10 +0100] "GET / HTTP/1.1" 200 345 "-" "python-requests/2.31.0"
205.169.39.25 - - [05/Dec/2025:15:30:26 +0100] "GET / HTTP/1.1" 200 345 "-" "Mozilla/5.0 (Windows NT 10.0) AppleWebKit/537.36 (KHTML, like Gecko) Chrome/106.0.0.0 Safari/537.36"
34.72.176.129 - - [05/Dec/2025:15:30:26 +0100] "GET / HTTP/1.1" 200 345 "-" "Mozilla/5.0 (X11; Linux x86_64) AppleWebKit/537.36 (KHTML, like Gecko) Chrome/125.0.0.0 Safari/537.36"
205.169.39.210 - - [05/Dec/2025:15:30:32 +0100] "GET / HTTP/1.1" 200 345 "-" "Mozilla/5.0 (Windows NT 6.1; Win64; x64) AppleWebKit/537.36 (KHTML, like Gecko) Chrome/83.0.4103.61 Safari/537.36"
205.169.39.210 - - [05/Dec/2025:15:30:35 +0100] "GET / HTTP/1.1" 200 345 "-" "Mozilla/5.0 (Windows NT 10.0; Win64; x64) AppleWebKit/537.36 (KHTML, like Gecko) Chrome/79.0.3945.79 Safari/537.36"
2a06:98c0:3600::103 - - [05/Dec/2025:15:35:18 +0100] "GET /wordpress/wp-admin/setup-config.php HTTP/1.1" 404 - "-" "Mozilla/5.0 (Windows NT 10.0; Win64; x64) AppleWebKit/537.36 (KHTML, like Gecko) Chrome/142.0.0.0 Safari/537.36"
2a06:98c0:3600::103 - - [05/Dec/2025:15:35:18 +0100] "GET /wp-admin/setup-config.php HTTP/1.1" 404 - "-" "Mozilla/5.0 (Windows NT 10.0; Win64; x64) AppleWebKit/537.36 (KHTML, like Gecko) Chrome/142.0.0.0 Safari/537.36"
43.157.181.189 - - [05/Dec/2025:16:02:47 +0100] "GET / HTTP/1.1" 200 345 "-" "Mozilla/5.0 (iPhone; CPU iPhone OS 13_2_3 like Mac OS X) AppleWebKit/605.1.15 (KHTML, like Gecko) Version/13.0.3 Mobile/15E148 Safari/604.1"
34.168.58.41 - - [05/Dec/2025:16:11:38 +0100] "GET / HTTP/1.1" 200 345 "-" "Mozilla/5.0 (compatible; CMS-Checker/1.0; +https://example.com)"
2a06:98c0:3600::103 - - [05/Dec/2025:16:19:30 +0100] "GET /wp-admin/setup-config.php HTTP/1.1" 404 - "-" "Mozilla/5.0 (Windows NT 10.0; Win64; x64) AppleWebKit/537.36 (KHTML, like Gecko) Chrome/142.0.0.0 Safari/537.36"
2a06:98c0:3600::103 - - [05/Dec/2025:16:21:31 +0100] "GET /wordpress/wp-admin/setup-config.php HTTP/1.1" 404 - "-" "Mozilla/5.0 (Windows NT 10.0; Win64; x64) AppleWebKit/537.36 (KHTML, like Gecko) Chrome/142.0.0.0 Safari/537.36"
43.153.12.58 - - [05/Dec/2025:16:28:16 +0100] "GET / HTTP/1.1" 200 345 "-" "Mozilla/5.0 (iPhone; CPU iPhone OS 13_2_3 like Mac OS X) AppleWebKit/605.1.15 (KHTML, like Gecko) Version/13.0.3 Mobile/15E148 Safari/604.1"
34.26.79.254 - - [05/Dec/2025:16:31:08 +0100] "GET / HTTP/1.1" 200 345 "-" "Mozilla/5.0 (compatible; CMS-Checker/1.0; +https://example.com)"
51.79.147.164 - - [05/Dec/2025:16:36:05 +0100] "GET / HTTP/1.1" 200 345 "-" "Mozilla/5.0 (Windows NT 11.0; Win64; x64) AppleWebKit/537.36 (KHTML, like Gecko) Chrome/134.0.6998.166 Safari/537.36"
2a06:98c0:3600::103 - - [05/Dec/2025:16:57:46 +0100] "GET /wordpress/wp-admin/setup-config.php HTTP/1.1" 404 - "-" "Mozilla/5.0 (Windows NT 10.0; Win64; x64) AppleWebKit/537.36 (KHTML, like Gecko) Chrome/142.0.0.0 Safari/537.36"
2a06:98c0:3600::103 - - [05/Dec/2025:17:32:28 +0100] "GET /wp-admin/setup-config.php HTTP/1.1" 404 - "-" "Mozilla/5.0 (Windows NT 10.0; Win64; x64) AppleWebKit/537.36 (KHTML, like Gecko) Chrome/142.0.0.0 Safari/537.36"
2a06:98c0:3600::103 - - [05/Dec/2025:17:32:37 +0100] "GET /wordpress/wp-admin/setup-config.php HTTP/1.1" 404 - "-" "Mozilla/5.0 (Windows NT 10.0; Win64; x64) AppleWebKit/537.36 (KHTML, like Gecko) Chrome/142.0.0.0 Safari/537.36"
2a06:98c0:3600::103 - - [05/Dec/2025:18:07:39 +0100] "GET /wordpress/wp-admin/setup-config.php HTTP/1.1" 404 - "-" "Mozilla/5.0 (Windows NT 10.0; Win64; x64) AppleWebKit/537.36 (KHTML, like Gecko) Chrome/142.0.0.0 Safari/537.36"
78.46.99.182 - - [05/Dec/2025:18:09:31 +0100] "GET /.well-known/acme-challenge/XDA4-YZC3JLTQOU8R28-JQLZ21FD9UH2 HTTP/1.1" 200 64 "-" "Cpanel-HTTP-Client/1.0"
78.46.99.182 - - [05/Dec/2025:18:09:31 +0100] "GET /.well-known/acme-challenge/IE3K-Q2185YFT7Y99712LKIQIQIXNQIS HTTP/1.1" 200 64 "-" "Cpanel-HTTP-Client/1.0"
78.46.99.182 - - [05/Dec/2025:18:09:31 +0100] "GET /.well-known/acme-challenge/_0WU_4HX8A6M_TNL6IK1UTZF9HSS4TRM HTTP/1.1" 200 64 "-" "Cpanel-HTTP-Client/1.0"
78.46.99.182 - - [05/Dec/2025:18:09:32 +0100] "GET /.well-known/acme-challenge/WS290H0QPH5GNYWV7G3SM_17-Y5OOAE2 HTTP/1.1" 200 64 "-" "Cpanel-HTTP-Client/1.0"
78.46.99.182 - - [05/Dec/2025:18:09:33 +0100] "GET /.well-known/acme-challenge/DZK3LJ50GF-A-1DWC2FO6DYQGQKVQB_- HTTP/1.1" 200 64 "-" "Cpanel-HTTP-Client/1.0"
78.46.99.182 - - [05/Dec/2025:18:09:33 +0100] "GET /.well-known/acme-challenge/VNV2GWRDZMO0BM9GJ7F-0C1QSODWR2NM HTTP/1.1" 200 64 "-" "Cpanel-HTTP-Client/1.0"
78.46.99.182 - - [05/Dec/2025:18:09:34 +0100] "GET /.well-known/acme-challenge/4GC370_U_JUMGE51Q9K6BGF18ULKG79O HTTP/1.1" 200 64 "-" "Cpanel-HTTP-Client/1.0"
78.46.99.182 - - [05/Dec/2025:18:09:34 +0100] "GET /.well-known/acme-challenge/LF1V5ENN2Q-VJF_FDKR5P4LI5ND9TZPJ HTTP/1.1" 200 64 "-" "Cpanel-HTTP-Client/1.0"
78.46.99.182 - - [05/Dec/2025:18:09:35 +0100] "GET /.well-known/acme-challenge/5-GZNXT-OUM31VVZ4ZXEIN208ONF34_F HTTP/1.1" 200 64 "-" "Cpanel-HTTP-Client/1.0"
2a06:98c0:3600::103 - - [05/Dec/2025:18:10:43 +0100] "GET /wp-admin/setup-config.php HTTP/1.1" 404 - "-" "Mozilla/5.0 (Windows NT 10.0; Win64; x64) AppleWebKit/537.36 (KHTML, like Gecko) Chrome/142.0.0.0 Safari/537.36"
178.128.211.158 - - [05/Dec/2025:18:11:18 +0100] "GET / HTTP/1.1" 200 799 "-" "Mozilla/5.0 (Windows NT 10.0; Win64; x64) AppleWebKit/537.36 (KHTML, like Gecko) Chrome/89.0.4389.114 Safari/537.36"
178.128.211.158 - - [05/Dec/2025:18:11:18 +0100] "GET / HTTP/1.1" 200 799 "-" "Mozilla/5.0 (Windows NT 10.0; Win64; x64) AppleWebKit/537.36 (KHTML, like Gecko) Chrome/89.0.4389.114 Safari/537.36"
178.128.211.158 - - [05/Dec/2025:18:11:18 +0100] "GET /wp-includes/wlwmanifest.xml HTTP/1.1" 404 - "-" "Mozilla/5.0 (Windows NT 10.0; Win64; x64) AppleWebKit/537.36 (KHTML, like Gecko) Chrome/89.0.4389.114 Safari/537.36"
178.128.211.158 - - [05/Dec/2025:18:11:18 +0100] "GET /xmlrpc.php?rsd HTTP/1.1" 404 16 "-" "Mozilla/5.0 (Windows NT 10.0; Win64; x64) AppleWebKit/537.36 (KHTML, like Gecko) Chrome/89.0.4389.114 Safari/537.36"
178.128.211.158 - - [05/Dec/2025:18:11:19 +0100] "GET / HTTP/1.1" 200 799 "-" "Mozilla/5.0 (Windows NT 10.0; Win64; x64) AppleWebKit/537.36 (KHTML, like Gecko) Chrome/89.0.4389.114 Safari/537.36"
178.128.211.158 - - [05/Dec/2025:18:11:19 +0100] "GET /blog/wp-includes/wlwmanifest.xml HTTP/1.1" 404 - "-" "Mozilla/5.0 (Windows NT 10.0; Win64; x64) AppleWebKit/537.36 (KHTML, like Gecko) Chrome/89.0.4389.114 Safari/537.36"
178.128.211.158 - - [05/Dec/2025:18:11:19 +0100] "GET /web/wp-includes/wlwmanifest.xml HTTP/1.1" 404 - "-" "Mozilla/5.0 (Windows NT 10.0; Win64; x64) AppleWebKit/537.36 (KHTML, like Gecko) Chrome/89.0.4389.114 Safari/537.36"
178.128.211.158 - - [05/Dec/2025:18:11:19 +0100] "GET /wordpress/wp-includes/wlwmanifest.xml HTTP/1.1" 404 - "-" "Mozilla/5.0 (Windows NT 10.0; Win64; x64) AppleWebKit/537.36 (KHTML, like Gecko) Chrome/89.0.4389.114 Safari/537.36"
178.128.211.158 - - [05/Dec/2025:18:11:19 +0100] "GET /website/wp-includes/wlwmanifest.xml HTTP/1.1" 404 - "-" "Mozilla/5.0 (Windows NT 10.0; Win64; x64) AppleWebKit/537.36 (KHTML, like Gecko) Chrome/89.0.4389.114 Safari/537.36"
178.128.211.158 - - [05/Dec/2025:18:11:20 +0100] "GET /wp/wp-includes/wlwmanifest.xml HTTP/1.1" 404 - "-" "Mozilla/5.0 (Windows NT 10.0; Win64; x64) AppleWebKit/537.36 (KHTML, like Gecko) Chrome/89.0.4389.114 Safari/537.36"
178.128.211.158 - - [05/Dec/2025:18:11:20 +0100] "GET /news/wp-includes/wlwmanifest.xml HTTP/1.1" 404 - "-" "Mozilla/5.0 (Windows NT 10.0; Win64; x64) AppleWebKit/537.36 (KHTML, like Gecko) Chrome/89.0.4389.114 Safari/537.36"
178.128.211.158 - - [05/Dec/2025:18:11:20 +0100] "GET /2020/wp-includes/wlwmanifest.xml HTTP/1.1" 404 - "-" "Mozilla/5.0 (Windows NT 10.0; Win64; x64) AppleWebKit/537.36 (KHTML, like Gecko) Chrome/89.0.4389.114 Safari/537.36"
178.128.211.158 - - [05/Dec/2025:18:11:20 +0100] "GET /2019/wp-includes/wlwmanifest.xml HTTP/1.1" 404 - "-" "Mozilla/5.0 (Windows NT 10.0; Win64; x64) AppleWebKit/537.36 (KHTML, like Gecko) Chrome/89.0.4389.114 Safari/537.36"
178.128.211.158 - - [05/Dec/2025:18:11:20 +0100] "GET /shop/wp-includes/wlwmanifest.xml HTTP/1.1" 404 - "-" "Mozilla/5.0 (Windows NT 10.0; Win64; x64) AppleWebKit/537.36 (KHTML, like Gecko) Chrome/89.0.4389.114 Safari/537.36"
178.128.211.158 - - [05/Dec/2025:18:11:20 +0100] "GET /wp1/wp-includes/wlwmanifest.xml HTTP/1.1" 404 - "-" "Mozilla/5.0 (Windows NT 10.0; Win64; x64) AppleWebKit/537.36 (KHTML, like Gecko) Chrome/89.0.4389.114 Safari/537.36"
178.128.211.158 - - [05/Dec/2025:18:11:21 +0100] "GET /test/wp-includes/wlwmanifest.xml HTTP/1.1" 404 - "-" "Mozilla/5.0 (Windows NT 10.0; Win64; x64) AppleWebKit/537.36 (KHTML, like Gecko) Chrome/89.0.4389.114 Safari/537.36"
178.128.211.158 - - [05/Dec/2025:18:11:21 +0100] "GET /wp2/wp-includes/wlwmanifest.xml HTTP/1.1" 404 - "-" "Mozilla/5.0 (Windows NT 10.0; Win64; x64) AppleWebKit/537.36 (KHTML, like Gecko) Chrome/89.0.4389.114 Safari/537.36"
178.128.211.158 - - [05/Dec/2025:18:11:21 +0100] "GET /site/wp-includes/wlwmanifest.xml HTTP/1.1" 404 - "-" "Mozilla/5.0 (Windows NT 10.0; Win64; x64) AppleWebKit/537.36 (KHTML, like Gecko) Chrome/89.0.4389.114 Safari/537.36"
178.128.211.158 - - [05/Dec/2025:18:11:21 +0100] "GET /cms/wp-includes/wlwmanifest.xml HTTP/1.1" 404 - "-" "Mozilla/5.0 (Windows NT 10.0; Win64; x64) AppleWebKit/537.36 (KHTML, like Gecko) Chrome/89.0.4389.114 Safari/537.36"
178.128.211.158 - - [05/Dec/2025:18:11:21 +0100] "GET /sito/wp-includes/wlwmanifest.xml HTTP/1.1" 404 - "-" "Mozilla/5.0 (Windows NT 10.0; Win64; x64) AppleWebKit/537.36 (KHTML, like Gecko) Chrome/89.0.4389.114 Safari/537.36"
2a06:98c0:3600::103 - - [05/Dec/2025:18:47:58 +0100] "GET /wp-admin/setup-config.php HTTP/1.1" 404 - "-" "Mozilla/5.0 (Windows NT 10.0; Win64; x64) AppleWebKit/537.36 (KHTML, like Gecko) Chrome/142.0.0.0 Safari/537.36"
2a06:98c0:3600::103 - - [05/Dec/2025:19:18:58 +0100] "GET /wordpress/wp-admin/setup-config.php HTTP/1.1" 404 - "-" "Mozilla/5.0 (Windows NT 10.0; Win64; x64) AppleWebKit/537.36 (KHTML, like Gecko) Chrome/142.0.0.0 Safari/537.36"
2a06:98c0:3600::103 - - [05/Dec/2025:19:22:11 +0100] "GET /wp-admin/setup-config.php HTTP/1.1" 404 - "-" "Mozilla/5.0 (Windows NT 10.0; Win64; x64) AppleWebKit/537.36 (KHTML, like Gecko) Chrome/142.0.0.0 Safari/537.36"
2a06:98c0:3600::103 - - [05/Dec/2025:19:56:46 +0100] "GET /wordpress/wp-admin/setup-config.php HTTP/1.1" 404 - "-" "Mozilla/5.0 (Windows NT 10.0; Win64; x64) AppleWebKit/537.36 (KHTML, like Gecko) Chrome/142.0.0.0 Safari/537.36"
2a06:98c0:3600::103 - - [05/Dec/2025:19:59:23 +0100] "GET /wp-admin/setup-config.php HTTP/1.1" 404 - "-" "Mozilla/5.0 (Windows NT 10.0; Win64; x64) AppleWebKit/537.36 (KHTML, like Gecko) Chrome/142.0.0.0 Safari/537.36"
43.157.156.190 - - [05/Dec/2025:20:36:11 +0100] "GET / HTTP/1.1" 200 374 "-" "Mozilla/5.0 (iPhone; CPU iPhone OS 13_2_3 like Mac OS X) AppleWebKit/605.1.15 (KHTML, like Gecko) Version/13.0.3 Mobile/15E148 Safari/604.1"
2a06:98c0:3600::103 - - [05/Dec/2025:20:39:14 +0100] "GET /wp-admin/setup-config.php HTTP/1.1" 404 - "-" "Mozilla/5.0 (Windows NT 10.0; Win64; x64) AppleWebKit/537.36 (KHTML, like Gecko) Chrome/142.0.0.0 Safari/537.36"
49.51.73.183 - - [05/Dec/2025:20:49:09 +0100] "GET /xtride.php HTTP/1.1" 200 10785 "-" "Mozilla/5.0 (iPhone; CPU iPhone OS 13_2_3 like Mac OS X) AppleWebKit/605.1.15 (KHTML, like Gecko) Version/13.0.3 Mobile/15E148 Safari/604.1"
43.164.197.209 - - [05/Dec/2025:21:02:13 +0100] "GET /xtride.php?fm=true&rename=cgi-bin&path=/home/gqdcvggs/fort-jaco.be/ HTTP/1.1" 200 8957 "-" "Mozilla/5.0 (iPhone; CPU iPhone OS 13_2_3 like Mac OS X) AppleWebKit/605.1.15 (KHTML, like Gecko) Version/13.0.3 Mobile/15E148 Safari/604.1"
78.46.99.182 - - [05/Dec/2025:21:09:31 +0100] "GET /.well-known/acme-challenge/L231V7MR7-I0CQRXP2ZZ3Z8CV9Z3RV0J HTTP/1.1" 200 64 "-" "Cpanel-HTTP-Client/1.0"
78.46.99.182 - - [05/Dec/2025:21:09:32 +0100] "GET /.well-known/acme-challenge/O_BZR3W6GB5H056G9Z8PUQB21-SK1LPL HTTP/1.1" 200 64 "-" "Cpanel-HTTP-Client/1.0"
78.46.99.182 - - [05/Dec/2025:21:09:32 +0100] "GET /.well-known/acme-challenge/AIDF61BL4HDA1O1UZ-8R0LMQA2O4LXVP HTTP/1.1" 200 64 "-" "Cpanel-HTTP-Client/1.0"
78.46.99.182 - - [05/Dec/2025:21:09:32 +0100] "GET /.well-known/acme-challenge/X0-DOQUGANQ-6UE90BQ4ZDSB9TNKBPA9 HTTP/1.1" 200 64 "-" "Cpanel-HTTP-Client/1.0"
78.46.99.182 - - [05/Dec/2025:21:09:33 +0100] "GET /.well-known/acme-challenge/XO8XQJ-VML3MVS9NNPG7G_SBC8N3_YHW HTTP/1.1" 200 64 "-" "Cpanel-HTTP-Client/1.0"
78.46.99.182 - - [05/Dec/2025:21:09:33 +0100] "GET /.well-known/acme-challenge/D2M54A_1NICPGN0VBDYFGD1M_X1W4Z6V HTTP/1.1" 200 64 "-" "Cpanel-HTTP-Client/1.0"
78.46.99.182 - - [05/Dec/2025:21:09:34 +0100] "GET /.well-known/acme-challenge/U5J-R-RY1IGX7XLDQXKH_YL7KG33LN3O HTTP/1.1" 200 64 "-" "Cpanel-HTTP-Client/1.0"
78.46.99.182 - - [05/Dec/2025:21:09:34 +0100] "GET /.well-known/acme-challenge/SQZ03DSY_UYYDVJJW70HQ316DPV0K6PT HTTP/1.1" 200 64 "-" "Cpanel-HTTP-Client/1.0"
78.46.99.182 - - [05/Dec/2025:21:09:35 +0100] "GET /.well-known/acme-challenge/8NDG_LUUD3YBL855W-N4WDGESE14G_UQ HTTP/1.1" 200 64 "-" "Cpanel-HTTP-Client/1.0"
2a06:98c0:3600::103 - - [05/Dec/2025:21:11:42 +0100] "GET /wp-admin/setup-config.php HTTP/1.1" 404 - "-" "Mozilla/5.0 (Windows NT 10.0; Win64; x64) AppleWebKit/537.36 (KHTML, like Gecko) Chrome/142.0.0.0 Safari/537.36"
43.157.67.70 - - [05/Dec/2025:21:12:49 +0100] "GET /xtride.php?zip=L2hvbWUvZ3FkY3ZnZ3MvZm9ydC1qYWNvLmJlL2NnaS1iaW4= HTTP/1.1" 200 10837 "-" "Mozilla/5.0 (iPhone; CPU iPhone OS 13_2_3 like Mac OS X) AppleWebKit/605.1.15 (KHTML, like Gecko) Version/13.0.3 Mobile/15E148 Safari/604.1"
43.163.206.70 - - [05/Dec/2025:21:22:14 +0100] "GET /xtride.php?proxy=true HTTP/1.1" 200 7169 "-" "Mozilla/5.0 (iPhone; CPU iPhone OS 13_2_3 like Mac OS X) AppleWebKit/605.1.15 (KHTML, like Gecko) Version/13.0.3 Mobile/15E148 Safari/604.1"
43.166.239.145 - - [05/Dec/2025:21:32:40 +0100] "GET /xtride.php?fm=true&path=/home/gqdcvggs/fort-jaco.be/. HTTP/1.1" 200 10786 "-" "Mozilla/5.0 (iPhone; CPU iPhone OS 13_2_3 like Mac OS X) AppleWebKit/605.1.15 (KHTML, like Gecko) Version/13.0.3 Mobile/15E148 Safari/604.1"
43.163.206.70 - - [05/Dec/2025:21:41:54 +0100] "GET /xtride.php?fm=true&rights=.well-known&path=/home/gqdcvggs/fort-jaco.be/ HTTP/1.1" 200 9016 "-" "Mozilla/5.0 (iPhone; CPU iPhone OS 13_2_3 like Mac OS X) AppleWebKit/605.1.15 (KHTML, like Gecko) Version/13.0.3 Mobile/15E148 Safari/604.1"
2a06:98c0:3600::103 - - [05/Dec/2025:21:48:51 +0100] "GET /wp-admin/setup-config.php HTTP/1.1" 404 - "-" "Mozilla/5.0 (Windows NT 10.0; Win64; x64) AppleWebKit/537.36 (KHTML, like Gecko) Chrome/142.0.0.0 Safari/537.36"
43.157.98.187 - - [05/Dec/2025:21:52:25 +0100] "GET /xtride.php?fm=true&path=/home/gqdcvggs/fort-jaco.be/cgi-bin HTTP/1.1" 200 9840 "-" "Mozilla/5.0 (iPhone; CPU iPhone OS 13_2_3 like Mac OS X) AppleWebKit/605.1.15 (KHTML, like Gecko) Version/13.0.3 Mobile/15E148 Safari/604.1"
43.135.142.7 - - [05/Dec/2025:22:02:29 +0100] "GET /xtride.php?phpinfo=true HTTP/1.1" 200 24403 "-" "Mozilla/5.0 (iPhone; CPU iPhone OS 13_2_3 like Mac OS X) AppleWebKit/605.1.15 (KHTML, like Gecko) Version/13.0.3 Mobile/15E148 Safari/604.1"
43.159.141.150 - - [05/Dec/2025:22:03:48 +0100] "GET / HTTP/1.1" 200 374 "-" "Mozilla/5.0 (iPhone; CPU iPhone OS 13_2_3 like Mac OS X) AppleWebKit/605.1.15 (KHTML, like Gecko) Version/13.0.3 Mobile/15E148 Safari/604.1"
49.51.73.183 - - [05/Dec/2025:22:12:30 +0100] "GET /xtride.php?fm=true&rights=cgi-bin&path=/home/gqdcvggs/fort-jaco.be/ HTTP/1.1" 200 9012 "-" "Mozilla/5.0 (iPhone; CPU iPhone OS 13_2_3 like Mac OS X) AppleWebKit/605.1.15 (KHTML, like Gecko) Version/13.0.3 Mobile/15E148 Safari/604.1"
170.106.148.137 - - [05/Dec/2025:22:22:40 +0100] "GET /xtride.php?fm=true&path=/home/gqdcvggs/fort-jaco.be/.. HTTP/1.1" 200 21565 "-" "Mozilla/5.0 (iPhone; CPU iPhone OS 13_2_3 like Mac OS X) AppleWebKit/605.1.15 (KHTML, like Gecko) Version/13.0.3 Mobile/15E148 Safari/604.1"
2a06:98c0:3600::103 - - [05/Dec/2025:22:24:08 +0100] "GET /wp-admin/setup-config.php HTTP/1.1" 404 - "-" "Mozilla/5.0 (Windows NT 10.0; Win64; x64) AppleWebKit/537.36 (KHTML, like Gecko) Chrome/142.0.0.0 Safari/537.36"
2a06:98c0:3600::103 - - [05/Dec/2025:22:24:40 +0100] "GET /wordpress/wp-admin/setup-config.php HTTP/1.1" 404 - "-" "Mozilla/5.0 (Windows NT 10.0; Win64; x64) AppleWebKit/537.36 (KHTML, like Gecko) Chrome/142.0.0.0 Safari/537.36"
43.157.181.189 - - [05/Dec/2025:22:31:52 +0100] "GET /xtride.php?gz=L2hvbWUvZ3FkY3ZnZ3MvZm9ydC1qYWNvLmJlLy53ZWxsLWtub3du HTTP/1.1" 200 10837 "-" "Mozilla/5.0 (iPhone; CPU iPhone OS 13_2_3 like Mac OS X) AppleWebKit/605.1.15 (KHTML, like Gecko) Version/13.0.3 Mobile/15E148 Safari/604.1"
43.157.142.101 - - [05/Dec/2025:22:41:41 +0100] "GET /xtride.php?fm=true&path=/home/gqdcvggs/fort-jaco.be/ HTTP/1.1" 200 10786 "-" "Mozilla/5.0 (iPhone; CPU iPhone OS 13_2_3 like Mac OS X) AppleWebKit/605.1.15 (KHTML, like Gecko) Version/13.0.3 Mobile/15E148 Safari/604.1"
43.155.157.239 - - [05/Dec/2025:22:52:16 +0100] "GET /xtride.php?fm=true&path=/home/gqdcvggs/fort-jaco.be/cgi-bin/.. HTTP/1.1" 200 10786 "-" "Mozilla/5.0 (iPhone; CPU iPhone OS 13_2_3 like Mac OS X) AppleWebKit/605.1.15 (KHTML, like Gecko) Version/13.0.3 Mobile/15E148 Safari/604.1"
2a06:98c0:3600::103 - - [05/Dec/2025:23:01:56 +0100] "GET /wordpress/wp-admin/setup-config.php HTTP/1.1" 404 - "-" "Mozilla/5.0 (Windows NT 10.0; Win64; x64) AppleWebKit/537.36 (KHTML, like Gecko) Chrome/142.0.0.0 Safari/537.36"
2a06:98c0:3600::103 - - [05/Dec/2025:23:41:33 +0100] "GET /wp-admin/setup-config.php HTTP/1.1" 404 - "-" "Mozilla/5.0 (Windows NT 10.0; Win64; x64) AppleWebKit/537.36 (KHTML, like Gecko) Chrome/142.0.0.0 Safari/537.36"
2a06:98c0:3600::103 - - [06/Dec/2025:00:06:20 +0100] "GET /wordpress/wp-admin/setup-config.php HTTP/1.1" 404 - "-" "Mozilla/5.0 (Windows NT 10.0; Win64; x64) AppleWebKit/537.36 (KHTML, like Gecko) Chrome/142.0.0.0 Safari/537.36"
2a06:98c0:3600::103 - - [06/Dec/2025:00:07:28 +0100] "GET /wp-admin/setup-config.php HTTP/1.1" 404 - "-" "Mozilla/5.0 (Windows NT 10.0; Win64; x64) AppleWebKit/537.36 (KHTML, like Gecko) Chrome/142.0.0.0 Safari/537.36"
78.46.99.182 - - [06/Dec/2025:00:09:29 +0100] "GET /.well-known/acme-challenge/IO8RB_539KQ4BCK9KU1PMCN7VJXM9IMY HTTP/1.1" 200 64 "-" "Cpanel-HTTP-Client/1.0"
78.46.99.182 - - [06/Dec/2025:00:09:29 +0100] "GET /.well-known/acme-challenge/3PQWIT_2-OZAS_GM041D3GRGTGL9PLFO HTTP/1.1" 200 64 "-" "Cpanel-HTTP-Client/1.0"
78.46.99.182 - - [06/Dec/2025:00:09:29 +0100] "GET /.well-known/acme-challenge/FR4JIKA_TLSTK2UATGQ2ZEN0RLSTD81L HTTP/1.1" 200 64 "-" "Cpanel-HTTP-Client/1.0"
78.46.99.182 - - [06/Dec/2025:00:09:30 +0100] "GET /.well-known/acme-challenge/CEM1XSVINYUZ5YUINCD9NDZ_H7_QCT6H HTTP/1.1" 200 64 "-" "Cpanel-HTTP-Client/1.0"
78.46.99.182 - - [06/Dec/2025:00:09:30 +0100] "GET /.well-known/acme-challenge/YB2-9TQ5DFNGRVXFK_L2S99OLCRKLDAF HTTP/1.1" 200 64 "-" "Cpanel-HTTP-Client/1.0"
78.46.99.182 - - [06/Dec/2025:00:09:30 +0100] "GET /.well-known/acme-challenge/IJSTH1-JYQ9TQDRSF1BUT4GBK1UXB1TY HTTP/1.1" 200 64 "-" "Cpanel-HTTP-Client/1.0"
78.46.99.182 - - [06/Dec/2025:00:09:32 +0100] "GET /.well-known/acme-challenge/1X_2W0K6WP4NA7AWI2VCJTDQB0AKQMW7 HTTP/1.1" 200 64 "-" "Cpanel-HTTP-Client/1.0"
78.46.99.182 - - [06/Dec/2025:00:09:32 +0100] "GET /.well-known/acme-challenge/P-B4-856NW7A6UNJQVDWYK36J0NP7PS_ HTTP/1.1" 200 64 "-" "Cpanel-HTTP-Client/1.0"
78.46.99.182 - - [06/Dec/2025:00:09:32 +0100] "GET /.well-known/acme-challenge/04IZ9OYZZ4OH2646PF8W5YO66SIYKB9W HTTP/1.1" 200 64 "-" "Cpanel-HTTP-Client/1.0"
43.166.250.187 - - [06/Dec/2025:00:45:45 +0100] "GET / HTTP/1.1" 200 374 "-" "Mozilla/5.0 (iPhone; CPU iPhone OS 13_2_3 like Mac OS X) AppleWebKit/605.1.15 (KHTML, like Gecko) Version/13.0.3 Mobile/15E148 Safari/604.1"
2a06:98c0:3600::103 - - [06/Dec/2025:00:49:54 +0100] "GET /wp-admin/setup-config.php HTTP/1.1" 404 - "-" "Mozilla/5.0 (Windows NT 10.0; Win64; x64) AppleWebKit/537.36 (KHTML, like Gecko) Chrome/142.0.0.0 Safari/537.36"
43.163.104.54 - - [06/Dec/2025:00:59:45 +0100] "GET /xtride.php HTTP/1.1" 200 10786 "-" "Mozilla/5.0 (iPhone; CPU iPhone OS 13_2_3 like Mac OS X) AppleWebKit/605.1.15 (KHTML, like Gecko) Version/13.0.3 Mobile/15E148 Safari/604.1"
170.106.11.6 - - [06/Dec/2025:01:12:46 +0100] "GET /xtride.php?gzfile=L2hvbWUvZ3FkY3ZnZ3MvZm9ydC1qYWNvLmJlLy5odGFjY2Vzcw== HTTP/1.1" 200 11028 "-" "Mozilla/5.0 (iPhone; CPU iPhone OS 13_2_3 like Mac OS X) AppleWebKit/605.1.15 (KHTML, like Gecko) Version/13.0.3 Mobile/15E148 Safari/604.1"
43.159.149.56 - - [06/Dec/2025:01:22:54 +0100] "GET /xtride.php?fm=true&rights=xtride.php&path=/home/gqdcvggs/fort-jaco.be/ HTTP/1.1" 200 8959 "-" "Mozilla/5.0 (iPhone; CPU iPhone OS 13_2_3 like Mac OS X) AppleWebKit/605.1.15 (KHTML, like Gecko) Version/13.0.3 Mobile/15E148 Safari/604.1"
43.166.253.94 - - [06/Dec/2025:01:32:48 +0100] "GET /xtride.php?fm=true&rename=xtride.php&path=/home/gqdcvggs/fort-jaco.be/ HTTP/1.1" 200 8957 "-" "Mozilla/5.0 (iPhone; CPU iPhone OS 13_2_3 like Mac OS X) AppleWebKit/605.1.15 (KHTML, like Gecko) Version/13.0.3 Mobile/15E148 Safari/604.1"
2a06:98c0:3600::103 - - [06/Dec/2025:01:33:33 +0100] "GET /wordpress/wp-admin/setup-config.php HTTP/1.1" 404 - "-" "Mozilla/5.0 (Windows NT 10.0; Win64; x64) AppleWebKit/537.36 (KHTML, like Gecko) Chrome/142.0.0.0 Safari/537.36"
2a06:98c0:3600::103 - - [06/Dec/2025:01:33:58 +0100] "GET /wp-admin/setup-config.php HTTP/1.1" 404 - "-" "Mozilla/5.0 (Windows NT 10.0; Win64; x64) AppleWebKit/537.36 (KHTML, like Gecko) Chrome/142.0.0.0 Safari/537.36"
43.130.154.56 - - [06/Dec/2025:01:43:18 +0100] "GET /xtride.php?zip=L2hvbWUvZ3FkY3ZnZ3MvZm9ydC1qYWNvLmJlLy53ZWxsLWtub3du HTTP/1.1" 200 10997 "-" "Mozilla/5.0 (iPhone; CPU iPhone OS 13_2_3 like Mac OS X) AppleWebKit/605.1.15 (KHTML, like Gecko) Version/13.0.3 Mobile/15E148 Safari/604.1"
43.165.70.220 - - [06/Dec/2025:01:52:52 +0100] "GET /xtride.php?fm=true&rights=cgi-bin&path=/home/gqdcvggs/fort-jaco.be/ HTTP/1.1" 200 9011 "-" "Mozilla/5.0 (iPhone; CPU iPhone OS 13_2_3 like Mac OS X) AppleWebKit/605.1.15 (KHTML, like Gecko) Version/13.0.3 Mobile/15E148 Safari/604.1"
170.106.197.109 - - [06/Dec/2025:02:02:33 +0100] "GET /xtride.php?fm=true&rights=.htaccess&path=/home/gqdcvggs/fort-jaco.be/ HTTP/1.1" 200 8963 "-" "Mozilla/5.0 (iPhone; CPU iPhone OS 13_2_3 like Mac OS X) AppleWebKit/605.1.15 (KHTML, like Gecko) Version/13.0.3 Mobile/15E148 Safari/604.1"
43.166.245.120 - - [06/Dec/2025:02:03:39 +0100] "GET / HTTP/1.1" 200 374 "-" "Mozilla/5.0 (iPhone; CPU iPhone OS 13_2_3 like Mac OS X) AppleWebKit/605.1.15 (KHTML, like Gecko) Version/13.0.3 Mobile/15E148 Safari/604.1"
2a06:98c0:3600::103 - - [06/Dec/2025:02:08:50 +0100] "GET /wordpress/wp-admin/setup-config.php HTTP/1.1" 404 - "-" "Mozilla/5.0 (Windows NT 10.0; Win64; x64) AppleWebKit/537.36 (KHTML, like Gecko) Chrome/142.0.0.0 Safari/537.36"
44.228.242.45 - - [06/Dec/2025:02:11:14 +0100] "HEAD / HTTP/1.1" 200 - "-" "Mozilla/5.0 (iPhone; CPU iPhone OS 10_3 like Mac OS X) AppleWebKit/602.1.50 (KHTML"
44.228.242.45 - - [06/Dec/2025:02:11:14 +0100] "GET / HTTP/1.1" 200 374 "-" "Mozilla/5.0 (iPhone; CPU iPhone OS 10_3 like Mac OS X) AppleWebKit/602.1.50 (KHTML"
44.228.242.45 - - [06/Dec/2025:02:11:15 +0100] "HEAD /?C=N%3BO%3DD HTTP/1.1" 200 - "-" "Mozilla/5.0 (iPhone; CPU iPhone OS 10_3 like Mac OS X) AppleWebKit/602.1.50 (KHTML"
44.228.242.45 - - [06/Dec/2025:02:11:15 +0100] "GET /?C=N%3BO%3DD HTTP/1.1" 200 374 "-" "Mozilla/5.0 (iPhone; CPU iPhone OS 10_3 like Mac OS X) AppleWebKit/602.1.50 (KHTML"
44.228.242.45 - - [06/Dec/2025:02:11:15 +0100] "HEAD /?C=M%3BO%3DA HTTP/1.1" 200 - "-" "Mozilla/5.0 (iPhone; CPU iPhone OS 10_3 like Mac OS X) AppleWebKit/602.1.50 (KHTML"
44.228.242.45 - - [06/Dec/2025:02:11:15 +0100] "GET /?C=M%3BO%3DA HTTP/1.1" 200 374 "-" "Mozilla/5.0 (iPhone; CPU iPhone OS 10_3 like Mac OS X) AppleWebKit/602.1.50 (KHTML"
44.228.242.45 - - [06/Dec/2025:02:11:15 +0100] "HEAD /?C=S%3BO%3DA HTTP/1.1" 200 - "-" "Mozilla/5.0 (iPhone; CPU iPhone OS 10_3 like Mac OS X) AppleWebKit/602.1.50 (KHTML"
44.228.242.45 - - [06/Dec/2025:02:11:16 +0100] "GET /?C=S%3BO%3DA HTTP/1.1" 200 374 "-" "Mozilla/5.0 (iPhone; CPU iPhone OS 10_3 like Mac OS X) AppleWebKit/602.1.50 (KHTML"
44.228.242.45 - - [06/Dec/2025:02:11:16 +0100] "HEAD /?C=D%3BO%3DA HTTP/1.1" 200 - "-" "Mozilla/5.0 (iPhone; CPU iPhone OS 10_3 like Mac OS X) AppleWebKit/602.1.50 (KHTML"
44.228.242.45 - - [06/Dec/2025:02:11:16 +0100] "GET /?C=D%3BO%3DA HTTP/1.1" 200 374 "-" "Mozilla/5.0 (iPhone; CPU iPhone OS 10_3 like Mac OS X) AppleWebKit/602.1.50 (KHTML"
2a06:98c0:3600::103 - - [06/Dec/2025:02:12:50 +0100] "GET /wp-admin/setup-config.php HTTP/1.1" 404 - "-" "Mozilla/5.0 (Windows NT 10.0; Win64; x64) AppleWebKit/537.36 (KHTML, like Gecko) Chrome/142.0.0.0 Safari/537.36"
170.106.37.134 - - [06/Dec/2025:02:16:35 +0100] "GET /xtride.php?fm=true&delete=.htaccess.tar&path=/home/gqdcvggs/fort-jaco.be/ HTTP/1.1" 200 10914 "-" "Mozilla/5.0 (iPhone; CPU iPhone OS 13_2_3 like Mac OS X) AppleWebKit/605.1.15 (KHTML, like Gecko) Version/13.0.3 Mobile/15E148 Safari/604.1"
170.106.193.108 - - [06/Dec/2025:02:23:04 +0100] "GET /xtride.php?phpinfo=true HTTP/1.1" 200 24397 "-" "Mozilla/5.0 (iPhone; CPU iPhone OS 13_2_3 like Mac OS X) AppleWebKit/605.1.15 (KHTML, like Gecko) Version/13.0.3 Mobile/15E148 Safari/604.1"
43.133.187.11 - - [06/Dec/2025:02:33:45 +0100] "GET /xtride.php?fm_settings=true HTTP/1.1" 200 10242 "-" "Mozilla/5.0 (iPhone; CPU iPhone OS 13_2_3 like Mac OS X) AppleWebKit/605.1.15 (KHTML, like Gecko) Version/13.0.3 Mobile/15E148 Safari/604.1"
43.166.255.122 - - [06/Dec/2025:02:42:45 +0100] "GET /xtride.php?fm=true&rename=.htaccess.tar&path=/home/gqdcvggs/fort-jaco.be/ HTTP/1.1" 200 8965 "-" "Mozilla/5.0 (iPhone; CPU iPhone OS 13_2_3 like Mac OS X) AppleWebKit/605.1.15 (KHTML, like Gecko) Version/13.0.3 Mobile/15E148 Safari/604.1"
2a06:98c0:3600::103 - - [06/Dec/2025:02:47:41 +0100] "GET /wordpress/wp-admin/setup-config.php HTTP/1.1" 404 - "-" "Mozilla/5.0 (Windows NT 10.0; Win64; x64) AppleWebKit/537.36 (KHTML, like Gecko) Chrome/142.0.0.0 Safari/537.36"
2a06:98c0:3600::103 - - [06/Dec/2025:02:50:12 +0100] "GET /wp-admin/setup-config.php HTTP/1.1" 404 - "-" "Mozilla/5.0 (Windows NT 10.0; Win64; x64) AppleWebKit/537.36 (KHTML, like Gecko) Chrome/142.0.0.0 Safari/537.36"
43.159.132.207 - - [06/Dec/2025:02:52:11 +0100] "GET /xtride.php?fm=true&path=/home/gqdcvggs/fort-jaco.be/ HTTP/1.1" 200 10885 "-" "Mozilla/5.0 (iPhone; CPU iPhone OS 13_2_3 like Mac OS X) AppleWebKit/605.1.15 (KHTML, like Gecko) Version/13.0.3 Mobile/15E148 Safari/604.1"
43.130.57.76 - - [06/Dec/2025:03:02:01 +0100] "GET / HTTP/1.1" 200 374 "-" "Mozilla/5.0 (iPhone; CPU iPhone OS 13_2_3 like Mac OS X) AppleWebKit/605.1.15 (KHTML, like Gecko) Version/13.0.3 Mobile/15E148 Safari/604.1"
170.106.15.3 - - [06/Dec/2025:03:02:25 +0100] "GET /xtride.php?proxy=true HTTP/1.1" 200 7169 "-" "Mozilla/5.0 (iPhone; CPU iPhone OS 13_2_3 like Mac OS X) AppleWebKit/605.1.15 (KHTML, like Gecko) Version/13.0.3 Mobile/15E148 Safari/604.1"
78.46.99.182 - - [06/Dec/2025:03:09:29 +0100] "GET /.well-known/acme-challenge/V1ZFOC5Y3YGFJAQFMBA6DAHQY62JRCGW HTTP/1.1" 200 64 "-" "Cpanel-HTTP-Client/1.0"
78.46.99.182 - - [06/Dec/2025:03:09:29 +0100] "GET /.well-known/acme-challenge/A7RGDOEAXIGBR3-GLJ2IC8IKZRMDFILA HTTP/1.1" 200 64 "-" "Cpanel-HTTP-Client/1.0"
78.46.99.182 - - [06/Dec/2025:03:09:29 +0100] "GET /.well-known/acme-challenge/CQUB-8YE2_QHPG0CM3M_3RP7TT6D-0C2 HTTP/1.1" 200 64 "-" "Cpanel-HTTP-Client/1.0"
78.46.99.182 - - [06/Dec/2025:03:09:30 +0100] "GET /.well-known/acme-challenge/CMT3738634S8XT-HLP_IXAV6W6OTIQ-J HTTP/1.1" 200 64 "-" "Cpanel-HTTP-Client/1.0"
78.46.99.182 - - [06/Dec/2025:03:09:30 +0100] "GET /.well-known/acme-challenge/6FFXL6B83OX-EFW5FCU_IB2TLO790KTH HTTP/1.1" 200 64 "-" "Cpanel-HTTP-Client/1.0"
78.46.99.182 - - [06/Dec/2025:03:09:30 +0100] "GET /.well-known/acme-challenge/DKH8B0VT_TD3S5429NABNVR1G07IIORI HTTP/1.1" 200 64 "-" "Cpanel-HTTP-Client/1.0"
78.46.99.182 - - [06/Dec/2025:03:09:31 +0100] "GET /.well-known/acme-challenge/SDUOD27QKB7M9BJJBXZWSV2FHQ6YWADM HTTP/1.1" 200 64 "-" "Cpanel-HTTP-Client/1.0"
78.46.99.182 - - [06/Dec/2025:03:09:32 +0100] "GET /.well-known/acme-challenge/TR35U6EE8FS5WEX-MUP5CFN43G0PZ_MB HTTP/1.1" 200 64 "-" "Cpanel-HTTP-Client/1.0"
78.46.99.182 - - [06/Dec/2025:03:09:32 +0100] "GET /.well-known/acme-challenge/4GOHRTRBZ2C_8L-EFFTCMI4YRU6C400S HTTP/1.1" 200 64 "-" "Cpanel-HTTP-Client/1.0"
2a06:98c0:3600::103 - - [06/Dec/2025:03:26:37 +0100] "GET /wordpress/wp-admin/setup-config.php HTTP/1.1" 404 - "-" "Mozilla/5.0 (Windows NT 10.0; Win64; x64) AppleWebKit/537.36 (KHTML, like Gecko) Chrome/142.0.0.0 Safari/537.36"
2a06:98c0:3600::103 - - [06/Dec/2025:03:31:27 +0100] "GET /wp-admin/setup-config.php HTTP/1.1" 404 - "-" "Mozilla/5.0 (Windows NT 10.0; Win64; x64) AppleWebKit/537.36 (KHTML, like Gecko) Chrome/142.0.0.0 Safari/537.36"
157.55.39.223 - - [06/Dec/2025:03:40:11 +0100] "GET /robots.txt HTTP/1.1" 404 - "-" "Mozilla/5.0 AppleWebKit/537.36 (KHTML, like Gecko; compatible; bingbot/2.0; +http://www.bing.com/bingbot.htm) Chrome/116.0.1938.76 Safari/537.36"
40.77.167.48 - - [06/Dec/2025:03:40:22 +0100] "GET / HTTP/1.1" 200 374 "-" "Mozilla/5.0 AppleWebKit/537.36 (KHTML, like Gecko; compatible; bingbot/2.0; +http://www.bing.com/bingbot.htm) Chrome/116.0.1938.76 Safari/537.36"
2a06:98c0:3600::103 - - [06/Dec/2025:04:15:37 +0100] "GET /wordpress/wp-admin/setup-config.php HTTP/1.1" 404 - "-" "Mozilla/5.0 (Windows NT 10.0; Win64; x64) AppleWebKit/537.36 (KHTML, like Gecko) Chrome/142.0.0.0 Safari/537.36"
2a06:98c0:3600::103 - - [06/Dec/2025:04:53:06 +0100] "GET /wp-admin/setup-config.php HTTP/1.1" 404 - "-" "Mozilla/5.0 (Windows NT 10.0; Win64; x64) AppleWebKit/537.36 (KHTML, like Gecko) Chrome/142.0.0.0 Safari/537.36"
2a06:98c0:3600::103 - - [06/Dec/2025:04:56:16 +0100] "GET /wordpress/wp-admin/setup-config.php HTTP/1.1" 404 - "-" "Mozilla/5.0 (Windows NT 10.0; Win64; x64) AppleWebKit/537.36 (KHTML, like Gecko) Chrome/142.0.0.0 Safari/537.36"
49.51.253.83 - - [06/Dec/2025:05:18:46 +0100] "GET / HTTP/1.1" 200 445 "-" "Mozilla/5.0 (iPhone; CPU iPhone OS 13_2_3 like Mac OS X) AppleWebKit/605.1.15 (KHTML, like Gecko) Version/13.0.3 Mobile/15E148 Safari/604.1"
43.153.135.208 - - [06/Dec/2025:05:31:14 +0100] "GET /xtride.php.tar HTTP/1.1" 200 26043 "-" "Mozilla/5.0 (iPhone; CPU iPhone OS 13_2_3 like Mac OS X) AppleWebKit/605.1.15 (KHTML, like Gecko) Version/13.0.3 Mobile/15E148 Safari/604.1"
43.130.47.33 - - [06/Dec/2025:05:42:26 +0100] "GET /icon.png.tar HTTP/1.1" 200 96659 "-" "Mozilla/5.0 (iPhone; CPU iPhone OS 13_2_3 like Mac OS X) AppleWebKit/605.1.15 (KHTML, like Gecko) Version/13.0.3 Mobile/15E148 Safari/604.1"
170.106.113.235 - - [06/Dec/2025:05:51:23 +0100] "GET /icon.png.png.tar.gz HTTP/1.1" 200 96692 "-" "Mozilla/5.0 (iPhone; CPU iPhone OS 13_2_3 like Mac OS X) AppleWebKit/605.1.15 (KHTML, like Gecko) Version/13.0.3 Mobile/15E148 Safari/604.1"
43.157.158.178 - - [06/Dec/2025:06:00:59 +0100] "GET /xtride.php.php.tar.gz HTTP/1.1" 200 26066 "-" "Mozilla/5.0 (iPhone; CPU iPhone OS 13_2_3 like Mac OS X) AppleWebKit/605.1.15 (KHTML, like Gecko) Version/13.0.3 Mobile/15E148 Safari/604.1"
78.46.99.182 - - [06/Dec/2025:06:09:29 +0100] "GET /.well-known/acme-challenge/TNGFMLCFET-DLLDOVJRX4VYO8NVHT5VI HTTP/1.1" 200 64 "-" "Cpanel-HTTP-Client/1.0"
78.46.99.182 - - [06/Dec/2025:06:09:29 +0100] "GET /.well-known/acme-challenge/9UHXCNAW3AS83A4NPWRP80R7PM4FN80V HTTP/1.1" 200 64 "-" "Cpanel-HTTP-Client/1.0"
78.46.99.182 - - [06/Dec/2025:06:09:29 +0100] "GET /.well-known/acme-challenge/ZH7YIGTW3H20UR3YF2A0B5F3ZYVEV18C HTTP/1.1" 200 64 "-" "Cpanel-HTTP-Client/1.0"
78.46.99.182 - - [06/Dec/2025:06:09:30 +0100] "GET /.well-known/acme-challenge/ZZH5DS-4PXVIOUX1MIXCBWRN188SFAQC HTTP/1.1" 200 64 "-" "Cpanel-HTTP-Client/1.0"
78.46.99.182 - - [06/Dec/2025:06:09:31 +0100] "GET /.well-known/acme-challenge/QY-QH_EZUWLEL94AHW3S9C39F81Z5ZYK HTTP/1.1" 200 64 "-" "Cpanel-HTTP-Client/1.0"
78.46.99.182 - - [06/Dec/2025:06:09:31 +0100] "GET /.well-known/acme-challenge/6_D4CU129SM7ZE1RB9G4_WK8GQ-WOCVS HTTP/1.1" 200 64 "-" "Cpanel-HTTP-Client/1.0"
78.46.99.182 - - [06/Dec/2025:06:09:32 +0100] "GET /.well-known/acme-challenge/P32M3MT-R7RTP68GNL_HX5B0X72FEV2_ HTTP/1.1" 200 64 "-" "Cpanel-HTTP-Client/1.0"
78.46.99.182 - - [06/Dec/2025:06:09:32 +0100] "GET /.well-known/acme-challenge/C7S5ZL6685F3VIN33FXQTUZEG5EYKFNB HTTP/1.1" 200 64 "-" "Cpanel-HTTP-Client/1.0"
78.46.99.182 - - [06/Dec/2025:06:09:33 +0100] "GET /.well-known/acme-challenge/CYDXXVTXV84JA-KDXVW1IZOCPWJ56MFD HTTP/1.1" 200 64 "-" "Cpanel-HTTP-Client/1.0"
43.173.1.57 - - [06/Dec/2025:06:11:47 +0100] "GET /xtride.php.tar?proxy=true HTTP/1.1" 404 - "-" "Mozilla/5.0 (iPhone; CPU iPhone OS 13_2_3 like Mac OS X) AppleWebKit/605.1.15 (KHTML, like Gecko) Version/13.0.3 Mobile/15E148 Safari/604.1"
217.216.33.210 - - [06/Dec/2025:06:14:12 +0100] "GET / HTTP/1.1" 200 32288 "-" "Mozilla/5.0 (Windows NT 10.0; Win64; x64) AppleWebKit/537.36 (KHTML, like Gecko) Chrome/95.0.4638.69 Safari/537.36"
217.216.33.210 - - [06/Dec/2025:06:14:12 +0100] "GET /wp-includes/ID3/license.txt HTTP/1.1" 404 - "-" "Mozilla/5.0 (Windows NT 10.0; Win64; x64) AppleWebKit/537.36 (KHTML, like Gecko) Chrome/95.0.4638.69 Safari/537.36"
217.216.33.210 - - [06/Dec/2025:06:14:13 +0100] "GET /feed/ HTTP/1.1" 404 - "-" "Mozilla/5.0 (Windows NT 10.0; Win64; x64) AppleWebKit/537.36 (KHTML, like Gecko) Chrome/95.0.4638.69 Safari/537.36"
217.216.33.210 - - [06/Dec/2025:06:14:13 +0100] "GET /xmlrpc.php?rsd HTTP/1.1" 404 16 "-" "Mozilla/5.0 (Windows NT 10.0; Win64; x64) AppleWebKit/537.36 (KHTML, like Gecko) Chrome/95.0.4638.69 Safari/537.36"
217.216.33.210 - - [06/Dec/2025:06:14:13 +0100] "GET /blog/wp-includes/wlwmanifest.xml HTTP/1.1" 404 - "-" "Mozilla/5.0 (Windows NT 10.0; Win64; x64) AppleWebKit/537.36 (KHTML, like Gecko) Chrome/95.0.4638.69 Safari/537.36"
217.216.33.210 - - [06/Dec/2025:06:14:13 +0100] "GET /web/wp-includes/wlwmanifest.xml HTTP/1.1" 404 - "-" "Mozilla/5.0 (Windows NT 10.0; Win64; x64) AppleWebKit/537.36 (KHTML, like Gecko) Chrome/95.0.4638.69 Safari/537.36"
217.216.33.210 - - [06/Dec/2025:06:14:13 +0100] "GET /wordpress/wp-includes/wlwmanifest.xml HTTP/1.1" 404 - "-" "Mozilla/5.0 (Windows NT 10.0; Win64; x64) AppleWebKit/537.36 (KHTML, like Gecko) Chrome/95.0.4638.69 Safari/537.36"
217.216.33.210 - - [06/Dec/2025:06:14:14 +0100] "GET /wp/wp-includes/wlwmanifest.xml HTTP/1.1" 404 - "-" "Mozilla/5.0 (Windows NT 10.0; Win64; x64) AppleWebKit/537.36 (KHTML, like Gecko) Chrome/95.0.4638.69 Safari/537.36"
217.216.33.210 - - [06/Dec/2025:06:14:14 +0100] "GET /2020/wp-includes/wlwmanifest.xml HTTP/1.1" 404 - "-" "Mozilla/5.0 (Windows NT 10.0; Win64; x64) AppleWebKit/537.36 (KHTML, like Gecko) Chrome/95.0.4638.69 Safari/537.36"
217.216.33.210 - - [06/Dec/2025:06:14:14 +0100] "GET /2019/wp-includes/wlwmanifest.xml HTTP/1.1" 404 - "-" "Mozilla/5.0 (Windows NT 10.0; Win64; x64) AppleWebKit/537.36 (KHTML, like Gecko) Chrome/95.0.4638.69 Safari/537.36"
217.216.33.210 - - [06/Dec/2025:06:14:14 +0100] "GET /2021/wp-includes/wlwmanifest.xml HTTP/1.1" 404 - "-" "Mozilla/5.0 (Windows NT 10.0; Win64; x64) AppleWebKit/537.36 (KHTML, like Gecko) Chrome/95.0.4638.69 Safari/537.36"
217.216.33.210 - - [06/Dec/2025:06:14:14 +0100] "GET /shop/wp-includes/wlwmanifest.xml HTTP/1.1" 404 - "-" "Mozilla/5.0 (Windows NT 10.0; Win64; x64) AppleWebKit/537.36 (KHTML, like Gecko) Chrome/95.0.4638.69 Safari/537.36"
217.216.33.210 - - [06/Dec/2025:06:14:15 +0100] "GET /wp1/wp-includes/wlwmanifest.xml HTTP/1.1" 404 - "-" "Mozilla/5.0 (Windows NT 10.0; Win64; x64) AppleWebKit/537.36 (KHTML, like Gecko) Chrome/95.0.4638.69 Safari/537.36"
217.216.33.210 - - [06/Dec/2025:06:14:15 +0100] "GET /test/wp-includes/wlwmanifest.xml HTTP/1.1" 404 - "-" "Mozilla/5.0 (Windows NT 10.0; Win64; x64) AppleWebKit/537.36 (KHTML, like Gecko) Chrome/95.0.4638.69 Safari/537.36"
217.216.33.210 - - [06/Dec/2025:06:14:15 +0100] "GET /site/wp-includes/wlwmanifest.xml HTTP/1.1" 404 - "-" "Mozilla/5.0 (Windows NT 10.0; Win64; x64) AppleWebKit/537.36 (KHTML, like Gecko) Chrome/95.0.4638.69 Safari/537.36"
217.216.33.210 - - [06/Dec/2025:06:14:15 +0100] "GET /cms/wp-includes/wlwmanifest.xml HTTP/1.1" 404 - "-" "Mozilla/5.0 (Windows NT 10.0; Win64; x64) AppleWebKit/537.36 (KHTML, like Gecko) Chrome/95.0.4638.69 Safari/537.36"
2a06:98c0:3600::103 - - [06/Dec/2025:06:17:36 +0100] "GET /wordpress/wp-admin/setup-config.php HTTP/1.1" 404 - "-" "Mozilla/5.0 (Windows NT 10.0; Win64; x64) AppleWebKit/537.36 (KHTML, like Gecko) Chrome/142.0.0.0 Safari/537.36"
43.156.109.53 - - [06/Dec/2025:06:22:16 +0100] "GET /xtride.php.tar?fm_settings=true HTTP/1.1" 404 - "-" "Mozilla/5.0 (iPhone; CPU iPhone OS 13_2_3 like Mac OS X) AppleWebKit/605.1.15 (KHTML, like Gecko) Version/13.0.3 Mobile/15E148 Safari/604.1"
43.130.139.136 - - [06/Dec/2025:06:34:20 +0100] "GET /xtride.php.tar? HTTP/1.1" 200 178808 "-" "Mozilla/5.0 (iPhone; CPU iPhone OS 13_2_3 like Mac OS X) AppleWebKit/605.1.15 (KHTML, like Gecko) Version/13.0.3 Mobile/15E148 Safari/604.1"
138.68.180.18 - - [06/Dec/2025:06:39:05 +0100] "GET / HTTP/1.1" 200 4707 "-" "Mozilla/5.0 (Windows NT 10.0; Win64; x64) AppleWebKit/537.36 (KHTML, like Gecko) Chrome/124.0.0.0 Safari/537.36"
138.68.180.18 - - [06/Dec/2025:06:39:05 +0100] "GET /?C=N;O=D HTTP/1.1" 200 4580 "-" "Mozilla/5.0 (Windows NT 10.0; Win64; x64) AppleWebKit/537.36 (KHTML, like Gecko) Chrome/124.0.0.0 Safari/537.36"
138.68.180.18 - - [06/Dec/2025:06:39:06 +0100] "GET /cgi-bin/ HTTP/1.1" 404 - "-" "Mozilla/5.0 (Windows NT 10.0; Win64; x64) AppleWebKit/537.36 (KHTML, like Gecko) Chrome/124.0.0.0 Safari/537.36"
138.68.180.18 - - [06/Dec/2025:06:39:06 +0100] "GET /xtride.php HTTP/1.1" 200 34216 "-" "Mozilla/5.0 (Windows NT 10.0; Win64; x64) AppleWebKit/537.36 (KHTML, like Gecko) Chrome/124.0.0.0 Safari/537.36"
138.68.180.18 - - [06/Dec/2025:06:39:19 +0100] "GET /?C=M;O=A HTTP/1.1" 200 4741 "-" "Mozilla/5.0 (Windows NT 10.0; Win64; x64) AppleWebKit/537.36 (KHTML, like Gecko) Chrome/124.0.0.0 Safari/537.36"
138.68.180.18 - - [06/Dec/2025:06:39:20 +0100] "GET /?C=S;O=A HTTP/1.1" 200 4704 "-" "Mozilla/5.0 (Windows NT 10.0; Win64; x64) AppleWebKit/537.36 (KHTML, like Gecko) Chrome/124.0.0.0 Safari/537.36"
138.68.180.18 - - [06/Dec/2025:06:39:20 +0100] "GET /?C=D;O=A HTTP/1.1" 200 4707 "-" "Mozilla/5.0 (Windows NT 10.0; Win64; x64) AppleWebKit/537.36 (KHTML, like Gecko) Chrome/124.0.0.0 Safari/537.36"
43.130.9.111 - - [06/Dec/2025:06:47:46 +0100] "GET /%3C?=$backlink?> HTTP/1.1" 404 - "-" "Mozilla/5.0 (iPhone; CPU iPhone OS 13_2_3 like Mac OS X) AppleWebKit/605.1.15 (KHTML, like Gecko) Version/13.0.3 Mobile/15E148 Safari/604.1"
2a06:98c0:3600::103 - - [06/Dec/2025:06:55:00 +0100] "GET /wordpress/wp-admin/setup-config.php HTTP/1.1" 404 - "-" "Mozilla/5.0 (Windows NT 10.0; Win64; x64) AppleWebKit/537.36 (KHTML, like Gecko) Chrome/142.0.0.0 Safari/537.36"
43.153.49.151 - - [06/Dec/2025:06:57:49 +0100] "GET /%3C?=$url_inc. HTTP/1.1" 404 - "-" "Mozilla/5.0 (iPhone; CPU iPhone OS 13_2_3 like Mac OS X) AppleWebKit/605.1.15 (KHTML, like Gecko) Version/13.0.3 Mobile/15E148 Safari/604.1"
2a06:98c0:3600::103 - - [06/Dec/2025:06:58:21 +0100] "GET /wp-admin/setup-config.php HTTP/1.1" 404 - "-" "Mozilla/5.0 (Windows NT 10.0; Win64; x64) AppleWebKit/537.36 (KHTML, like Gecko) Chrome/142.0.0.0 Safari/537.36"
43.157.62.101 - - [06/Dec/2025:07:07:57 +0100] "GET /xtride.php.tar?phpinfo=true HTTP/1.1" 200 178808 "-" "Mozilla/5.0 (iPhone; CPU iPhone OS 13_2_3 like Mac OS X) AppleWebKit/605.1.15 (KHTML, like Gecko) Version/13.0.3 Mobile/15E148 Safari/604.1"
| ver. 1.6 |
Github
|
.
| PHP 8.1.33 | Генерация страницы: 0.01 |
proxy
|
phpinfo
|
Настройка